*w = -5*n + 4*n - 9, 2*n + 14 = 5*w. Calculate the highest common divisor of w and t.
4
Let s(b) = -b**3 + 5*b**2 - 2*b + 3. Let o be s(3). Let w(g) = g**3 - 5*g**2 + 11*g - 5. Let c be w(3). What is the greatest common divisor of c and o?
5
Let g = 2 + 38. What is the highest common divisor of g and 40?
40
Let x(y) = 51*y**3 - y**2 + y - 1. Let z be x(1). Calculate the highest common divisor of 20 and z.
10
Suppose -4*m + 0*m - 360 = 0. Let n = 53 + m. Let k = n + 59. Calculate the highest common factor of 33 and k.
11
Let r(h) = -h - 15. Let i be r(-8). Let t(d) = -d**3 - 5*d**2 + 6*d - 1. Let q be t(i). What is the highest common divisor of 22 and q?
11
Let l(r) = 1 + 2 - 4*r - 3*r + 6*r. Let a be l(-3). What is the greatest common factor of 18 and a?
6
Let y be 13/4 - (-1)/(-4). Let c(s) = s + 3*s**y - 4*s**3 + 9*s**2 - 1 + 0*s. Let u be c(9). Calculate the greatest common divisor of u and 8.
8
Suppose 4*o + q = 4 + 13, 2*o - 13 = q. Suppose -2*l - 82 = -3*v - 0*l, 0 = -v + o*l + 36. Let a = 36 - v. Calculate the greatest common divisor of a and 90.
10
Let z(m) = -m - 2. Let u = -8 - -6. Let p be z(u). Suppose 3*b - 142 - 62 = p. Calculate the highest common factor of 17 and b.
17
Let h = 26 + -24. Let r be h/6 - (-128)/12. Let p = -38 - -60. What is the greatest common divisor of r and p?
11
Let b(v) = v**2 + 3*v - 55. Let l be b(13). What is the highest common factor of 9 and l?
9
Let y(r) = r**3 - 9*r**2 - 5*r + 11. Let a be y(11). Calculate the highest common factor of 22 and a.
22
Suppose q - 2*o - 8 = 0, -o = -6*q + q + 31. What is the greatest common divisor of q and 15?
3
Suppose -5*p = -k + 127, 0 = 2*k - 2*p + 90 - 352. Let s(b) = b**3 + 6*b**2 + 4*b + 7. Let c be s(-5). What is the greatest common factor of c and k?
12
Let c(p) = -p**2 - 7*p + 2. Let w be c(-6). Let k = w + 48. Let g = -49 - -63. What is the highest common factor of g and k?
14
Let n(x) = x**3 - x**2 + x + 35. Let l be n(0). What is the highest common divisor of l and 315?
35
Suppose 2*g = -2*g + 3520. Suppose -3*p - p = -g. What is the highest common factor of 20 and p?
20
Let h(b) = 3*b**3 + 5*b**2 + 3*b - 4. Let s be h(4). Let u = s + -165. Suppose 25 = 5*r - u. What is the highest common factor of r and 4?
4
Let s = 20 + -6. Calculate the greatest common divisor of 56 and s.
14
Let y(d) = -27*d + 6. Let r be y(-2). What is the greatest common divisor of 24 and r?
12
Let j be ((12/10)/1)/((-60)/(-1600)). Calculate the highest common divisor of j and 80.
16
Let c = -35 - 24. Let k = c - -158. Calculate the greatest common divisor of 9 and k.
9
Let b be -1*((-2)/5 + 1880/(-50)). Calculate the greatest common divisor of b and 57.
19
Let a be (-290)/(-12) - (-3)/(-18). What is the greatest common factor of a and 72?
24
Let x(q) = -q + 21. Let z be (-17 + 17)/(-1 - 1). Let i be x(z). What is the highest common factor of 21 and i?
21
Let k be (-4)/(-6)*(-6)/(-4). Suppose -3*q - 4 = 2*a, -q = -0*q - a - 7. Suppose -3 = -3*g - 3*c, q*c + 6 = -4. What is the highest common divisor of k and g?
1
Let z(p) = -p**2 + 8*p - 4. Let g be z(5). Let v be (-24)/g + 4/22. Let f be 2 + 12 - (v - -2). Calculate the highest common factor of 14 and f.
14
Let v be 3*30/(0 + 2). Let q be (-2)/4 - (-25)/(-2). Let n = q - -31. Calculate the greatest common factor of v and n.
9
Let q = 151 - 131. Calculate the greatest common divisor of q and 8.
4
Suppose 0 = -4*q - 5*f + 10, -1 = q + 2*f - 2. Let j = 19 - q. Suppose 0 = h + 4*c - 174, h + 4*c = 2*h - 134. Calculate the greatest common factor of h and j.
14
Let j(q) = -8*q + 16. Let a be j(-10). Calculate the greatest common divisor of a and 32.
32
Suppose -3*x + 5*o = -53, 4*x - 13 = 3*x - 3*o. Suppose -f + 4 = -20. Calculate the highest common divisor of x and f.
8
Suppose -4 = -c + 5. Let p = -4 - -6. Suppose p*k - 324 = -2*k. Calculate the highest common divisor of k and c.
9
Let w be -12*(4 - 3 - 4). Calculate the highest common divisor of 72 and w.
36
Let m be (-178)/(-4) + (-1)/(-2). Suppose 2*z - 4*z = 2*h - 30, 3*h + 4*z = m. What is the highest common divisor of 6 and h?
3
Let l be (-8)/12 - (-42)/9. Let a be 0 + -1 + l - 1. Suppose -p + 18 = 2*k, -4*p + 16 = 3*k - 16. Calculate the highest common divisor of k and a.
2
Let q(t) = t**3 - 7*t**2 + 12*t + 2. Let w be q(5). Calculate the highest common factor of 3 and w.
3
Let s(o) = -o**2 + 13*o + 5. Let h be s(14). Let v(q) = q**2 + 7. Let c be v(h). What is the greatest common factor of 11 and c?
11
Let p = -6 - -8. Let a be 1/p - (-1)/2. Let s be (-7 - (-3 + -8)) + 3. Calculate the greatest common divisor of a and s.
1
Let l be 3 - (82/(-7) + (-18)/63). What is the highest common divisor of 30 and l?
15
Suppose 0*w = 2*w - 112. Calculate the greatest common factor of 28 and w.
28
Let s = 65 - -35. Calculate the highest common divisor of 20 and s.
20
Let z be (-110)/((2*-1)/2). Suppose z - 30 = 4*h. Let o be (0 + -2)*(-15)/6. Calculate the greatest common factor of o and h.
5
Let q(x) = -x**2 - 4*x + 12. Let m(k) = k**2 + 4*k - 11. Let a(o) = -4*m(o) - 5*q(o). Let h be a(-7). What is the highest common divisor of 2 and h?
1
Let t be 92/20 - 4/(-10). Suppose t*v = v + 64. Let o = 115 + -75. Calculate the greatest common divisor of v and o.
8
Let j = 7 - -5. What is the highest common factor of 84 and j?
12
Let p be (3/9)/(1/27). Calculate the highest common divisor of p and 81.
9
Let j(t) = t**2 + 209. Let d be j(0). Let y = d - 111. What is the highest common factor of 14 and y?
14
Let s = -104 + 233. What is the greatest common factor of 43 and s?
43
Let l(g) = 23*g - 7. Let q be l(5). Let u = 183 - 131. Suppose 102 = -3*n + 8*n - 3*v, -2*n + u = -4*v. What is the greatest common factor of n and q?
18
Let u be 3*(-5)/(30/(-32)). Suppose 0 = 3*t + t - u. Suppose 5*y = 3*s + 135, -6*y + 5*s + 73 = -t*y. What is the greatest common divisor of y and 8?
8
Let m be 1/(-3) + 37/3. Suppose 0 = 2*x - 2 - 2. Suppose -r - x*r + 36 = 0. What is the highest common factor of m and r?
12
Let x(d) = 2*d**3 - 14*d**2 - 8*d + 8. Let i be x(8). What is the highest common factor of i and 108?
36
Let i(x) = -x**2 - x - 1. Let p be i(-1). Let k be (1/p)/(2/(-156)). Let v = 23 - 10. Calculate the greatest common divisor of k and v.
13
Let a be (-7)/(-1 - 84/(-88)). Calculate the highest common divisor of 14 and a.
14
Let d(p) = 23*p + 4. Let k be d(4). Calculate the highest common factor of k and 24.
24
Let j be 147*((-14)/6 - -3). Calculate the greatest common divisor of 14 and j.
14
Let a = 13 - 5. Let r be 4/(-14) + 452/14. Calculate the greatest common factor of a and r.
8
Let v(l) = l**2 + 3*l. Let f be v(-5). Suppose 0*t = -t. Suppose -5*w + 46 = -5*i + 1, t = -5*w - i + 15. What is the greatest common factor of f and w?
2
Let d = 244 - 124. What is the highest common divisor of 15 and d?
15
Suppose 2*b = 6*b - 180. What is the highest common factor of 9 and b?
9
Suppose -2*x = o - 30, 26 = 4*o - 5*x - 107. Calculate the highest common factor of o and 288.
32
Let n(q) = -q. Let o be n(-1). Let s(h) be the second derivative of h**5/10 - h**4/12 + 3*h. Let x be s(1). Calculate the highest common factor of o and x.
1
Let o = 5 + -5. Suppose 2*j - 1280 = -3*j. Suppose -4*s + 2*y = -j, -s + 63 = -o*s - y. What is the greatest common factor of s and 13?
13
Suppose 42 = -0*s + 3*s. Calculate the greatest common divisor of s and 70.
14
Let a(s) = 10*s - 7. Let p be a(2). Let u be 126/10 - 2/(-5). Calculate the greatest common factor of u and p.
13
Suppose 579 = 2*q + 3*f, 7*f = 3*q + 2*f - 916. What is the highest common divisor of 33 and q?
33
Let o(u) = u**2 + 11*u - 15. Let g be o(-12). Let d = -2 - g. What is the highest common factor of 7 and d?
1
Let b = 97 - 83. What is the greatest common factor of b and 14?
14
Suppose -4*s = -0*s. Suppose -9 = -2*c + g + 8, 5*c - g - 41 = s. Calculate the greatest common factor of 24 and c.
8
Suppose 0 = c + 2. Let p = c - -3. Let h be p*3*(1 + 0). Calculate the greatest common factor of h and 6.
3
Let d be (1 - 3)/((-2)/(-24)). Let r be d/16 - (-73)/2. Let c be 10/8*2*2. What is the greatest common divisor of c and r?
5
Let t = -65 + 84. What is the greatest common divisor of 171 and t?
19
Let f = 4 - 0. Suppose -2*u + 296 = -0*n + 2*n, -f*u - n = -592. 